 of 5752?
5
What is the hundreds digit of 266?
2
What is the hundreds digit of 5254?
2
What is the ten thousands digit of 24650?
2
What is the units digit of 23903?
3
What is the tens digit of 74215?
1
What is the hundreds digit of 2089?
0
What is the units digit of 94043?
3
What is the tens digit of 2136?
3
What is the tens digit of 3078?
7
What is the units digit of 977?
7
What is the thousands digit of 38707?
8
What is the tens digit of 4104?
0
What is the thousands digit of 6025?
6
What is the hundreds digit of 3893?
8
What is the tens digit of 1285?
8
What is the tens digit of 11337?
3
What is the tens digit of 88396?
9
What is the hundreds digit of 86969?
9
What is the units digit of 57534?
4
What is the thousands digit of 30089?
0
What is the tens digit of 2086?
8
What is the hundreds digit of 4261?
2
What is the units digit of 1205?
5
What is the units digit of 6692?
2
What is the hundreds digit of 2658?
6
What is the tens digit of 3767?
6
What is the tens digit of 27813?
1
What is the tens digit of 2802?
0
What is the tens digit of 459?
5
What is the ten thousands digit of 106152?
0
What is the units digit of 57420?
0
What is the thousands digit of 30443?
0
What is the units digit of 735?
5
What is the tens digit of 108878?
7
What is the hundreds digit of 4505?
5
What is the thousands digit of 1459?
1
What is the units digit of 25529?
9
What is the units digit of 1546?
6
What is the hundreds digit of 2452?
4
What is the tens digit of 1060?
6
What is the units digit of 11270?
0
What is the hundreds digit of 28078?
0
What is the units digit of 580?
0
What is the tens digit of 114?
1
What is the tens digit of 1544?
4
What is the tens digit of 554?
5
What is the thousands digit of 140986?
0
What is the tens digit of 8159?
5
What is the ten thousands digit of 19713?
1
What is the thousands digit of 93875?
3
What is the units digit of 1675?
5
What is the units digit of 8540?
0
What is the thousands digit of 6370?
6
What is the thousands digit of 8022?
8
What is the units digit of 7828?
8
What is the thousands digit of 1051?
1
What is the ten thousands digit of 25195?
2
What is the tens digit of 5503?
0
What is the ten thousands digit of 34217?
3
What is the units digit of 2829?
9
What is the thousands digit of 17047?
7
What is the units digit of 10220?
0
What is the units digit of 35862?
2
What is the thousands digit of 43777?
3
What is the units digit of 1203?
3
What is the tens digit of 23512?
1
What is the units digit of 10653?
3
What is the tens digit of 25443?
4
What is the units digit of 4965?
5
What is the hundreds digit of 46433?
4
What is the tens digit of 1106?
0
What is the hundreds digit of 1388?
3
What is the units digit of 691?
1
What is the ten thousands digit of 23936?
2
What is the hundreds digit of 1035?
0
What is the thousands digit of 4120?
4
What is the ten thousands digit of 39291?
3
What is the tens digit of 683?
8
What is the tens digit of 12598?
9
What is the tens digit of 2234?
3
What is the tens digit of 9765?
6
What is the thousands digit of 96284?
6
What is the tens digit of 2877?
7
What is the tens digit of 5106?
0
What is the units digit of 17887?
7
What is the thousands digit of 1412?
1
What is the thousands digit of 2792?
2
What is the tens digit of 11423?
2
What is the thousands digit of 1658?
1
What is the hundreds digit of 1181?
1
What is the ten thousands digit of 14103?
1
What is the thousands digit of 66577?
6
What is the tens digit of 849?
4
What is the hundreds digit of 6102?
1
What is the units digit of 570?
0
What is the thousands digit of 9104?
9
What is the units digit of 2789?
9
What is the thousands digit of 3225?
3
What is the hundreds digit of 7667?
6
What is the thousands digit of 3647?
3
What is the thousands digit of 4107?
4
What is the units digit of 47096?
6
What is the tens digit of 60971?
7
What is the units digit of 4351?
1
What is the thousands digit of 7998?
7
What is the units digit of 13166?
6
What is the hundreds digit of 835?
8
What is the thousands digit of 3612?
3
What is the tens digit of 4129?
2
What is the units digit of 4765?
5
What is the thousands digit of 1281?
1
What is the hundreds digit of 655?
6
What is the units digit of 32359?
9
What is the tens digit of 2706?
0
What is the tens digit of 1237?
3
What is the hundreds digit of 503?
5
What is the units digit of 6426?
6
What is the units digit of 18282?
2
What is the units digit of 112?
2
What is the tens digit of 27338?
3
What is the hundreds digit of 2091?
0
What is the tens digit of 436?
3
What is the hundreds digit of 2833?
8
What is the hundreds digit of 5655?
6
What is the hundreds digit of 4345?
3
What is the thousands digit of 57794?
7
What is the tens digit of 31424?
2
What is the tens digit of 2385?
8
What is the thousands digit of 1315?
1
What is the thousands digit of 14756?
4
What is the units digit of 37644?
4
What is the hundreds digit of 1944?
9
What is the tens digit of 888?
8
What is the units digit of 5888?
8
What is the thousands digit of 11598?
1
What is the thousands digit of 8942?
8
What is the hundreds digit of 13707?
7
What is the tens digit of 103?
0
What is the hundreds digit of 13304?
3
What is the thousands digit of 2635?
2
What is the hundreds digit of 9353?
3
What is the units digit of 494?
4
What is the ten thousands digit of 36595?
3
What is the ten thousands digit of 32856?
3
What is the units digit of 21876?
6
What is the hundreds digit of 6300?
3
What is the thousands digit of 6868?
6
What is the units digit of 136?
6
What is the tens digit of 18410?
1
What is the hundreds digit of 4820?
8
What is the hundreds digit of 56802?
8
What is the ten thousands digit of 80696?
8
What is the thousands digit of 1357?
1
What is the hundreds digit of 19823?
8
What is the tens digit of 45941?
4
What is the tens digit of 103950?
5
What is the hundreds digit of 191?
1
What is the hundreds digit of 3145?
1
What is the tens digit of 52649?
4
What is the tens digit of 42052?
5
What is the units digit of 669?
9
What is the hundreds digit of 9919?
9
What is the units digit of 1918?
8
What is the tens digit of 6049?
4
What is the thousands digit of 1141?
1
What is the tens digit of 503?
0
What is the hundreds digit of 2755?
7
What is the tens digit of 224?
2
What is the ten thousands digit of 26489?
2
What is the thousands digit of 37959?
7
What is the units digit of 4000?
0
What is the hundreds digit of 662?
6
What is the units digit of 7086?
6
What is the tens digit of 30829?
2
What is the units digit of 2885?
5
What is the tens digit of 4293?
9
What is the ten thousands digit of 20071?
2
What is the tens digit of 13621?
2
What is the tens digit of 78605?
0
What is the tens digit of 5734?
3
What is the hundreds digit of 18756?
7
What is the thousands digit of 118644?
8
What is the units digit of 1412?
2
What is the tens digit of 20957?
5
What is the ten thousands digit of 34232?
3
What is the tens digit of 13143?
4
What is the tens digit of 18849?
4
What is the tens digit of 720?
2
What is the ten thousands digit of 35002?
3
What is the thousands digit of 114884?
4
What is the hundreds digit of 2038?
0
What is the tens digit of 1252?
5
What is the tens digit of 4897?
9
What is the thousands digit of 30856?
0
What is the tens digit of 838?
3
What is the tens digit of 18590?
9
What is the units digit of 1495?
5
What is the hundreds digit of 28632?
6
What is the tens digit of 4578?
7
What is the thousands digit of 23591?
3
What is the units digit of 1643?
3
What is the tens digit of 1054?
5
What is the tens digit of 11786?
8
What is the units digit of 30?
0
What is the hundreds digit of 40984?
9
What is the thousands digit of 4396?
4
What is the hundreds digit of 4218?
2
What is the tens digit of 19143?
4
What is the tens digit of 63273?
7
What is the tens digit of 340?
4
What is the hundreds digit of 43623?
6
What is the hundreds digit of 2017?
0
What is the units digit of 227?
7
What is the hundreds digit of 442?
4
What is the thousands digit of 1307?
1
What is the units digit of 6786?
6
What is the hundreds digit of 262?
2
What is the thousands digit of 2161?
2
What is the ten thousands digit of 16685?
1
What is the hundreds digit of 66667?
6
What is the ten thousands digit of 30485?
3
What is th